se 0 = 2*v + v - j. Suppose 2*t = w + 26, -v = -4*w - 2. What is the tens digit of t?
1
Suppose 0 = -4*a + h - 17, a + a - 5 = 5*h. Let n = a + 83. What is the tens digit of n?
7
Suppose 3*f + v = 7, 5*v + 22 = -0*f + 4*f. Suppose 328 = f*p + 28. What is the hundreds digit of p?
1
Let f = 34 + -22. Suppose 5*y - 4*z = f, -2*y - z = -4*y + 6. What is the tens digit of (-469)/(-21) - y/(-6)?
2
Let g(h) = -h**3 + 7*h**2 - 7*h - 7. Let p be g(6). Let k = p - -4. Let l = 28 + k. What is the units digit of l?
9
Let v = -16 + 18. Suppose 5 = f + 1, -3*f = -v*n + 84. What is the units digit of (n/20 - -2)*5?
2
Let l = 129 - -167. What is the tens digit of l?
9
Suppose -9*s - 26754 = -22*s. What is the tens digit of 4/10 - (s/(-30) - 4)?
7
Let f = -1 - 2. Let o be -3*f/3 + 0. Suppose 6*d = 2*d - 2*c + 56, -o*c = -12. What is the tens digit of d?
1
Let m = 90 + -128. Let h = -39 - m. What is the units digit of -1 - 2 - -23 - h?
1
Suppose 13*j - 21*j + 10864 = 0. What is the tens digit of j?
5
Let x = 530 - -2907. What is the thousands digit of x?
3
Let h = 2251 - 1917. What is the hundreds digit of h?
3
Let z(l) = -l**2 + 8. Let k be z(-6). Let r = -61 + 29. Let p = k - r. What is the units digit of p?
4
Suppose -2709 = -4*a - 5*h, -2*a - 1356 = -4*a - 2*h. What is the hundreds digit of a?
6
Suppose 133*c + 116461 = 697538. What is the tens digit of c?
6
Let y be 0/1*1/4. Let r(f) = 5*f + 14. Let b be r(-15). Let q = y - b. What is the units digit of q?
1
Suppose -5*g + 2*i + 0*i = 1050, 0 = 5*g + 2*i + 1050. Let h = 36 + g. What is the tens digit of h*((-2)/(-3) - 1)?
5
Let z(b) = -b**3 - 9*b**2 + 2*b + 2. Let u be z(-9). Let q be ((-4)/u + 0)*0. Suppose q = -5*y - 3*w + 276, -5*w = -2*y + 31 + 98. What is the units digit of y?
7
Let z be (2160/75)/(2/10). Suppose -j + 64 = -z. What is the units digit of j?
8
Let h be (-11168)/48 - (-1)/6*-2. Let g = 356 + h. What is the tens digit of g?
2
Suppose -4454 = 22*p - 24408. What is the tens digit of p?
0
Suppose -2*p + 5*p + 15 = 0. Let i(b) = -b**3 - 6*b**2 - 5*b + 2. Let h be i(p). Suppose 9 = h*a - 13. What is the tens digit of a?
1
Let w(z) = -4*z**2 + 5*z + 14 - z**3 - 7*z**2 + 0*z**3 + 6*z. What is the units digit of w(-12)?
6
What is the hundreds digit of 213/(301/504 + 4/(-18))?
5
What is the units digit of (-173)/(-9) - -12*(-9)/486?
9
Let t = 378 + 76. Suppose 44*f = 46*f - t. What is the hundreds digit of f?
2
Let k = 65 + -46. Suppose -3 = -j + k. What is the units digit of j?
2
Suppose x + 4*o = 38, o = -0*x + x - 13. Suppose -2*r = -4*f + x, -3*f + 7*f - 12 = 4*r. Suppose s + 45 = f*s. What is the units digit of s?
9
Let l = -118 + 101. Let x = 45 + l. What is the tens digit of x?
2
Suppose 60995 = -23*u + 186782. What is the hundreds digit of u?
4
What is the tens digit of 885/(-236)*(32/(-6))/2?
1
Let k = -22 + 36. Suppose -2*c + k = -0*g + 2*g, 0 = g - 5*c + 23. Let u = 8 - g. What is the units digit of u?
6
Let c(w) = 5*w - 9*w + 16 + 2*w. What is the tens digit of c(0)?
1
Let z(b) = b**2 - 14*b + 9. Let y be z(7). Let p be ((-63)/(-4))/((-5)/y). Suppose p = 12*d - 9*d. What is the units digit of d?
2
Suppose 2*h - 498 = -2*w, 5*w - 47*h - 1253 = -48*h. What is the units digit of w?
1
Let t(z) = 4*z + 22. Let r be t(6). Suppose -u - 28 = -2*u. Suppose -p = -a + u, 5*p + 111 = 2*a + r. What is the units digit of a?
5
Let b be (-1 - -4 - -21) + -1. Let u = 62 - b. What is the units digit of u?
9
Let k be (1/(-2))/(1/(-10)). Suppose -b + 0*b - 14 = 4*a, -2*b - k*a = 28. What is the units digit of ((-35)/b)/(2/24)?
0
Suppose -189 = -5*z - 624. Let b = z - -45. Let f = 11 - b. What is the tens digit of f?
5
Let x = 524 + -328. What is the units digit of x?
6
Suppose -5*u + 4*s + 247 = 0, -s + 86 = 4*u - 99. Suppose 2*a = -3*b + 2*b + 20, 2*b = 3*a + u. What is the tens digit of b?
2
Suppose 0 = -7*k - 1434 + 4059. What is the units digit of k?
5
Let c(n) = 304*n + 46. What is the units digit of c(9)?
2
Let a be (2 - (1 + 3)) + 9. What is the units digit of 7 - ((-1)/a)/(2/(-14))?
6
Suppose -1292 = -4*k + 5*u + 2637, 2*u = k - 983. What is the tens digit of k?
8
What is the hundreds digit of -30*(1204/35)/(-2)?
5
Let t(q) = -3*q + 3. Let n be t(1). Suppose -3*l + 14 + 115 = n. What is the units digit of l?
3
Let b = -4 - -6. Suppose -38 - 38 = -b*n. What is the units digit of n?
8
Suppose 0 = -4*l + 12, -3*r + 3*l = -5*r + 1247. What is the units digit of r?
9
Let y = 31 - 31. Suppose -2*w + 48 = -y*l - 4*l, -6 = -3*l. What is the tens digit of w?
2
What is the hundreds digit of 4 - ((-35)/5 - 607)?
6
Let q be (-27)/(2/((-16)/(-12))). Let n be q/135 + 227/15. Let i(v) = -v**3 + 15*v**2 + 3*v - 15. What is the units digit of i(n)?
0
Suppose -1885 = -5*l + 5*i, 4*l + 4*i = 5*l - 362. What is the tens digit of l?
8
Suppose 114*a = 118*a - 7292. What is the hundreds digit of a?
8
Let k = -62 - -64. Let i be 6/(-4)*(-10)/3. Suppose -k*o - i = -3*o. What is the units digit of o?
5
What is the tens digit of ((-7)/2 + 6)*46836/45?
0
Suppose -1890 = 3*m - 13*m. What is the units digit of m?
9
What is the tens digit of (-23)/(-345) + 9299/15?
2
Let w(k) = 22*k**2 + 4*k + 4. What is the tens digit of w(5)?
7
What is the tens digit of (0 - 847/(-3)) + 5/(-15)?
8
Let x be 0 + 4 - (134 + -1). Let t = -63 - x. What is the tens digit of t?
6
Let i(t) = t**3 + t**2 + t + 11. Let d be i(-5). Let p = -67 - d. Let u = 7 + p. What is the tens digit of u?
3
Suppose 3*c = 5*q - 3*q + 1077, 5*c - q = 1802. What is the units digit of c?
1
Let u = 21 - -529. What is the tens digit of u?
5
Let k = 21 - -10. Suppose p - k = -3*z, 0 = -z - 2*z + 4*p + 26. Suppose 0 = z*i - 15*i + 135. What is the units digit of i?
7
What is the hundreds digit of 206 - 21/12*4?
1
Let v(f) = -f**3 - 3*f**2 + 2*f + 2. Let i be v(-3). Let x = -53 + 74. Let z = i + x. What is the tens digit of z?
1
Suppose 1 = -5*d + 4*d. Suppose 5*u + 10 = -185. What is the tens digit of 5 + 0 + d - u?
4
Suppose -4*u - 10 = -2*r, 2*u - 7 = -3*r - 0*u. Suppose 2*n - r*n = -3*v + 460, 0 = 4*v + 4*n - 592. What is the tens digit of v?
5
Let b = -54 + 54. Suppose 5*u + b*u = -4*i + 1007, -4*u = 2*i - 802. What is the units digit of u?
9
Let f(r) = -r**3 - 7*r**2 + r + 7. Let y be f(-7). Suppose y = -3*t + 379 + 17. Suppose 2*c - t = -2*c + 2*l, -2*l = -c + 33. What is the units digit of c?
3
Let n(h) = 2*h + 22. Let m be n(-9). What is the units digit of (-9)/18 - (-158)/m?
9
Let n be 2399/10 - (-11)/110. Suppose 3*m - 153 = -2*k + n, 4*k - 761 = -m. What is the units digit of k?
9
Suppose 5*d = 3*x + 3238, -5*d - 5*x + 0*x + 3230 = 0. What is the hundreds digit of d?
6
Let s = -79 - -84. What is the units digit of (-2)/(-5)*(0 + s)?
2
Let i(s) = -s**2 - 9*s + 2. Let b be i(-8). Suppose 0 = 4*t + 4, 51 - b = 5*m - t. Let z(k) = 2*k**2 - 7*k - 9. What is the units digit of z(m)?
3
Suppose 7*s = 409 + 81. What is the units digit of s?
0
Suppose -2*v + 4*h = 6*h - 2278, 2*h + 3437 = 3*v. Suppose 4*g = -5*g + v. What is the hundreds digit of g?
1
Let u = -1818 + 4191. What is the units digit of u?
3
Let x(q) be the second derivative of -q**5/20 + 19*q**4/12 + q**3/6 - 4*q**2 - 18*q. What is the tens digit of x(19)?
1
Suppose -245*f - 31130 = -255*f. What is the tens digit of f?
1
Let s = 5 - -3. Let b(i) = i**2 + 7*i - 6. What is the tens digit of b(s)?
1
Let u = 104 - 70. What is the units digit of u?
4
Let b(s) = -s**3 + 18*s**2 - 36*s - 12. What is the hundreds digit of b(10)?
4
Let b be (-173)/2*10/(-5). Suppose 0*t - 42 = t + z, -4*t - b = -z. Let y = t - -61. What is the tens digit of y?
1
Let j be -58*(3 - 1) + (2 - 0). Let h = -22 - j. What is the tens digit of h?
9
Suppose 28255 - 8935 = 8*b. What is the units digit of b?
5
Let l = -125 + 209. Suppose 4*p + 142 = 5*v - 68, -5*p + l = 2*v. Suppose 4*m - v = m. What is the units digit of m?
4
Let u(j) = -6*j - 3. Let s be u(-1). Suppose 29 + 115 = -4*v. Let f = s - v. What is the units digit of f?
9
Let u be 1*2 + (6 - 6). Suppose 60 = f - u*f - z, 5*z = 3*f + 180. Let o = f + 134. What is the units digit of o?
4
What is the tens digit of (-17 + 5)/3 + 401?
9
Let h(m) = 177*m - 371. What is the tens digit of h(11)?
7
Suppose f - 6*k = -2*k - 13, -4*f + 5*k - 8 = 0. Let t be (f/(-9))/((-1)/30). What is the t